 o = 66*b. Suppose -b*f + 195 = 73. List the prime factors of f.
61
Let t(p) = 58*p - 27. Let z(k) = -2*k - 1. Let h(b) = -3*t(b) - 3*z(b). What are the prime factors of h(-6)?
2, 3, 7, 13
Suppose -27 + 33 = -2*o. Let s be (-2 - -1 - -2)/(o/(-417)). Suppose -a - 2*v = -s, -115 = -a + 3*v + 4. List the prime factors of a.
131
Suppose 5*l + 24*d - 51949 = 20*d, 0 = 3*d - 18. What are the prime factors of l?
5, 31, 67
Let v be 8/(-5)*(138/(-12) - -4). Suppose v*l - 8398 = -7*l. List the prime factors of l.
2, 13, 17
Let i(x) = -4*x**3 - 2*x**2 + 5*x + 1. Let h be i(-5). Let z = h - 81. List the prime factors of z.
3, 5, 23
Suppose 0*a + 67*a = -134166 + 3727912. What are the prime factors of a?
2, 13, 2063
Let v(a) = 1126*a**3 - 3*a**2 - 121*a + 375. What are the prime factors of v(3)?
3, 7, 1447
Let u(c) = 829*c**2 + 4*c + 5. Let n = 131 - 132. List the prime factors of u(n).
2, 5, 83
Let q = -2 + 5. Suppose 5*c = q*c + 384. Suppose 5*p - 3*p - c = 0. What are the prime factors of p?
2, 3
Let t = 98 - -1488. Suppose 20*i = t + 2794. List the prime factors of i.
3, 73
Suppose 157968 - 5088 = -28*w. List the prime factors of ((-24)/(-10))/((-12)/w).
2, 3, 7, 13
Let j(s) = s**2 - s + 1. Let y(k) = -7*k**2 - 13. Let u(a) = -6*j(a) - y(a). Let d be u(-14). What are the prime factors of (-2)/((-8)/d) - 2/(-8)?
2, 3, 5
Suppose -13*m + 9*c + 30239 = -8*m, -3*m - 3*c + 18135 = 0. What are the prime factors of m?
2, 3023
Let s be (0/2 - -4) + -150. List the prime factors of -16*3*s/24.
2, 73
Let a(b) = b**3 - 6*b**2 + b + 13. Let l be a(5). Let h(v) = 21*v**2 - 7*v - 21. List the prime factors of h(l).
7, 151
Let a = 7878 + 5502. What are the prime factors of a?
2, 3, 5, 223
What are the prime factors of 50460/(-16)*568/(-213)?
2, 5, 29
Suppose 5*q - 65929 = -4*u, 2*u - 32957 = -q - 0*q. List the prime factors of u.
2, 3, 1373
Suppose -3631 = -t + 30*j - 28*j, -3*t + 10900 = -5*j. List the prime factors of t.
3, 5
Let p(z) = -z**2 + 2*z + 11. Let h be p(-4). Let q(s) = -s**3 - 11*s**2 + 22*s - 22. Let c be q(h). What are the prime factors of 5 + c + 4/2?
37
Let u be ((-20)/7)/((-14)/(-245)*-5). List the prime factors of ((-4)/u)/(8/(-2020)).
101
Suppose -48 + 198 = 5*f. Suppose -u + f = 2*u. Suppose u*l - 624 = 2*l. List the prime factors of l.
2, 3, 13
Suppose 135*u + 40*u - 1373274 = 2023301. List the prime factors of u.
13, 1493
Let f(g) = 130*g**2 - 8*g - 8. What are the prime factors of f(-18)?
2, 19, 139
Let p(z) = 4*z - 21. Let d be p(9). Suppose 0 = n - 5*n, -3*t + d = 2*n. Suppose t*s + f = 531 - 10, -2*s - 5*f = -190. What are the prime factors of s?
3, 5, 7
Let i(j) = j**3 + 6*j**2 - 130*j - 517. Let n be i(-4). Let b = -2 - -2. Suppose -4*o + 20 = -4*u - b*u, 0 = 4*o + u - n. List the prime factors of o.
2
Suppose -206727 = -3*w - 21708. List the prime factors of w.
61673
Suppose 3*t = i - 7736, -5*i - 2*t + 34927 = -3838. What are the prime factors of i?
23, 337
Let w(v) = v + 51. Suppose -a = -c + 26, 3*c - 40 - 30 = -5*a. List the prime factors of w(c).
2, 19
Suppose -d = -q - 520, 4*d + 1034 = -2*q - 0*q. Suppose -12*u + 40*u = -10192. Let w = u - q. List the prime factors of w.
5, 31
Suppose -824*x - 104940 = -857*x. List the prime factors of x.
2, 3, 5, 53
Let u(b) = 1361*b**2 + 135*b + 17. What are the prime factors of u(3)?
12671
Suppose 3*o + 2*j - 9 = 4*o, -5*o - j + 10 = 0. Let y(s) = 33*s. Let v be y(o). List the prime factors of -11*6/((-18)/v).
11
Let u(o) = 532*o**2 + 29*o + 118. What are the prime factors of u(-4)?
2, 3, 11, 43
Let r = 675 + -101. Suppose -5*q = h - 880, -5*q + 4*h = -r - 306. List the prime factors of q.
2, 11
Let m(u) = 5*u**2 - 143*u - 1198. List the prime factors of m(37).
2, 89
Let w = -29 + 33. Suppose -10 = -x + 4*p - 3, 3*p - 9 = -w*x. Suppose -2*t - x*t = b - 36, -4 = -4*t. List the prime factors of b.
31
Suppose 2*i + 2*a = 2634, 146*a = -2*i + 147*a + 2634. What are the prime factors of i?
3, 439
Let b = -3988 + 34984. List the prime factors of b.
2, 3, 7, 41
Suppose -16*j = -43*j + 147528. List the prime factors of j.
2, 683
Suppose -28*n - 127634 = -934566. List the prime factors of n.
7, 23, 179
Let g(j) = -j**2 - 8*j - 4. Let d be g(-6). Suppose -5*x + 11*x - 5*k + 440 = 0, -2*k + 8 = 0. Let m = d - x. What are the prime factors of m?
2, 3, 13
What are the prime factors of 7916/1*-22*(-23)/506 - -7?
3, 19, 139
Suppose -244*o - 2489835 - 1805579 + 20542886 = 0. What are the prime factors of o?
2, 3, 31, 179
Suppose 4*y + 3*a - 4 = 4, -3*a - 7 = y. Suppose -1433 = -y*q - 3*k, 0*q - q - 2*k = -281. What are the prime factors of q?
17
Let l = 161 - 96. Suppose l*r + 24 = 66*r. List the prime factors of r.
2, 3
Suppose 9 = -40*t + 43*t. Suppose 2*c + 5*s - 208 = 4*s, 0 = -t*s. List the prime factors of c.
2, 13
Let o be (1 - -2)*(1 + 0). Let j be ((-10)/o)/(2 + 16/(-6)). Suppose 3*t + 34 = f, -j*t - 33 = -2*f + 36. What are the prime factors of f?
37
Let d = -3563 + 20346. List the prime factors of d.
13, 1291
Let t(q) = 22*q**3 + 15*q**2 - 141*q - 14. List the prime factors of t(10).
2, 5519
Let h(i) = 6*i**3 + 236*i**2 + 53*i - 21. What are the prime factors of h(-38)?
31, 307
Let q = 7862 + -3466. What are the prime factors of q?
2, 7, 157
Let o(k) = 123*k**2 + 40*k - 185. What are the prime factors of o(12)?
11, 1637
Suppose -24653 + 141304 = 11*j - 100951. List the prime factors of j.
2, 3, 7, 157
Suppose 149906 = 20*a + 14*a - 114002. List the prime factors of a.
2, 3881
Suppose 0 = -29*z + 24*z + 30. Let l(f) = 5*f**2 - 14*f + 3. What are the prime factors of l(z)?
3, 11
Let x(m) = -37*m + 160. Let v(n) = -2*n**2 + 2*n + 5. Let t be v(-2). List the prime factors of x(t).
419
Suppose 50*t - 2035809 = 1400061 - 1190670. List the prime factors of t.
2, 3, 1871
Let z(m) = 83*m + 12. Let c be 2/(-18) - 532/(-171). Let j be z(c). List the prime factors of (-2 + 7)*j/15.
3, 29
Suppose 0 = 2*u + 5*c - 690, 4*c = -3*u + 281 + 754. Suppose u = 5*h + 135. List the prime factors of h.
2, 3, 7
Suppose 0 = -90*m + 74*m + 234864. List the prime factors of m.
3, 7, 233
Let l(x) = 434*x**2 + 56*x - 147. What are the prime factors of l(5)?
3, 7, 523
Suppose 4*j - 4 = 4*x, 5*x - 10 = -2*j + 6. Let q = 332 - 236. Suppose -171 = -5*u - 3*p, 3*u + x*p = -2*p + q. List the prime factors of u.
2, 3
Suppose -2*v + v = 46. Let n be (-7 + -8)/30*4. Let j = n - v. What are the prime factors of j?
2, 11
Suppose -b + 0 = -5. Suppose -b*t = -t. Suppose t = -7*s + 12*s - 60. What are the prime factors of s?
2, 3
Let q = 1659 - 773. Let m = q - 564. List the prime factors of m.
2, 7, 23
Let s = -31 + 46. Suppose -2*w + 5*n + s = 0, -3*n - n = 12. Suppose -3*j + 146 + 268 = w. List the prime factors of j.
2, 3, 23
Let x = 3849 - -18761. What are the prime factors of x?
2, 5, 7, 17, 19
Let q(w) = -w**2 + 3*w - 2. Let c be q(1). Suppose d = c, -3*d - 164 = f - 7*d. Let z = 69 - f. List the prime factors of z.
233
Let u be ((-9)/6)/((-57)/102676). Suppose -6*t + 8554 = -u. List the prime factors of t.
2, 7, 67
Let x(d) = 29*d - 3. Let o(u) = -15*u + 1. Let r(h) = -5*o(h) - 3*x(h). List the prime factors of r(-5).
2
Suppose -1419 = -5*i - z, -3*i + 857 = 2*z - 0*z. Suppose 4*f + 5*t = i, -t = f - 89 + 19. What are the prime factors of f?
67
Let b(d) be the third derivative of 0 + 2/15*d**5 + 0*d - 1/4*d**4 + 19*d**2 - 1/6*d**3. What are the prime factors of b(-4)?
151
Let p(m) = -m**3 + 24*m**2 - 92*m - 138. What are the prime factors of p(-22)?
2, 3, 5, 7, 23
Suppose 0 = 333*h + 11851758 - 30628962. What are the prime factors of h?
2, 3, 37, 127
Let o(w) = 6*w + 180. Let g be o(-29). List the prime factors of 322 + 1 - g/((-18)/15).
2, 41
Let k(c) = -c**2 + 9*c - 21. Let t be k(4). Let g be t + -4 + (-15)/(-5). Let y(b) = -67*b + 5. List the prime factors of y(g).
139
Suppose 132*i - 706489 - 35483 = 0. List the prime factors of i.
7, 11, 73
Suppose 5*n + 12 - 22 = 0. Suppose n*l = 4*o - 1128, 3*l = -2*o + l + 558. What are the prime factors of o?
281
Suppose -4*r + 329 - 29 = 0. Let o = r + -65. List the prime factors of 154/o + (-2 - (-52)/20).
2
Let a(n) = 2*n**3 - 23*n**2 + 13*n - 16. Let q be a(11). Let w(x) = -x + 10. Let t be w(q). What are the prime factors of 54/1 - t/(-4)?
5, 11
Suppose 0 = -4*h - 5*j + 67, 4*j = -5